{"id":20915,"date":"2020-07-16T13:09:43","date_gmt":"2020-07-16T11:09:43","guid":{"rendered":"https:\/\/infra-suisse.ch\/?page_id=20915"},"modified":"2021-06-04T13:33:20","modified_gmt":"2021-06-04T11:33:20","slug":"progetto-conciliazione-tra-lavoro-e-vita-privata","status":"publish","type":"page","link":"https:\/\/infra-suisse.ch\/it\/sostenibilita\/progetto-conciliazione-tra-lavoro-e-vita-privata\/","title":{"rendered":"Progetto Conciliazione tra lavoro e vita privata"},"content":{"rendered":"<p>I datori di lavoro molto interessanti sono in posizione migliore per reperire e trattenere una manodopera qualificata. Un sempre pi\u00f9 crescente numero di persone vogliono poter conciliare individualmente lavoro, famiglia e vita privata.<\/p>\n<p>Nelle imprese di costruzione il lavoro a tempo parziale e altre possibilit\u00e0 costituiscono ancora delle eccezioni. Lo dimostra un <a href=\"https:\/\/infra-suisse.ch\/it\/studien\/fabbisogno-di-personale-qualificato-e-attrattivita-dei-datori-di-lavoro\/\" target=\"_blank\" rel=\"noopener noreferrer\">sondaggio<\/a> realizzato tra i membri di Infra Suisse. Cosa possono fare le imprese di costruzione per distinguersi efficacemente dalla concorrenza? Abbiamo trovato delle imprese innovative che intendono scoprirlo insieme. Una guida pratica per i membri dell\u2019associazione ricapitoler\u00e0 gli insegnamenti di questo progetto.<\/p>\n<p>Infra Suisse ha lanciato un progetto con delle imprese di costruzione per condividere le loro esperienze e le loro sfide. Ogni impresa partecipante viene analizzata e consigliata individualmente da parte del <a href=\"https:\/\/www.fachstelle-und.ch\/fr\/\" target=\"_blank\" rel=\"noopener noreferrer\">Bureau UND<\/a> sulle possibilit\u00e0 di conciliazione tra lavoro e vita privata. Una guida pratica per tutti i membri dell\u2019associazione ricapitoler\u00e0 gli insegnamenti di questo progetto. Questo progetto \u00e8 iniziato con la manifestazione di lancio del 10 novembre 2020 e si estender\u00e0 su un arco di tempo di un anno e mezzo.<\/p>\n<p>Il gruppo del progetto \u00e8 completo. La partecipazione al progetto non \u00e8 pi\u00f9 possibile.<\/p>\n","protected":false},"excerpt":{"rendered":"<p>I datori di lavoro molto interessanti sono in posizione migliore per reperire e trattenere una manodopera qualificata. Un sempre pi\u00f9 crescente numero di persone vogliono poter conciliare individualmente lavoro, famiglia e vita privata. Nelle imprese di costruzione il lavoro a tempo parziale e altre possibilit\u00e0 costituiscono ancora delle eccezioni. Lo dimostra un sondaggio realizzato tra&#8230;<\/p>\n","protected":false},"author":66,"featured_media":32056,"parent":16643,"menu_order":0,"comment_status":"closed","ping_status":"closed","template":"","meta":{"_acf_changed":false,"footnotes":""},"class_list":["post-20915","page","type-page","status-publish","has-post-thumbnail","hentry"],"acf":[],"_links":{"self":[{"href":"https:\/\/infra-suisse.ch\/it\/wp-json\/wp\/v2\/pages\/20915","targetHints":{"allow":["GET"]}}],"collection":[{"href":"https:\/\/infra-suisse.ch\/it\/wp-json\/wp\/v2\/pages"}],"about":[{"href":"https:\/\/infra-suisse.ch\/it\/wp-json\/wp\/v2\/types\/page"}],"author":[{"embeddable":true,"href":"https:\/\/infra-suisse.ch\/it\/wp-json\/wp\/v2\/users\/66"}],"replies":[{"embeddable":true,"href":"https:\/\/infra-suisse.ch\/it\/wp-json\/wp\/v2\/comments?post=20915"}],"version-history":[{"count":1,"href":"https:\/\/infra-suisse.ch\/it\/wp-json\/wp\/v2\/pages\/20915\/revisions"}],"predecessor-version":[{"id":20916,"href":"https:\/\/infra-suisse.ch\/it\/wp-json\/wp\/v2\/pages\/20915\/revisions\/20916"}],"up":[{"embeddable":true,"href":"https:\/\/infra-suisse.ch\/it\/wp-json\/wp\/v2\/pages\/16643"}],"wp:featuredmedia":[{"embeddable":true,"href":"https:\/\/infra-suisse.ch\/it\/wp-json\/wp\/v2\/media\/32056"}],"wp:attachment":[{"href":"https:\/\/infra-suisse.ch\/it\/wp-json\/wp\/v2\/media?parent=20915"}],"curies":[{"name":"wp","href":"https:\/\/api.w.org\/{rel}","templated":true}]}}

<p>I datori di lavoro molto interessanti sono in posizione migliore per reperire e trattenere una manodopera qualificata. Un sempre più crescente numero di persone vogliono poter conciliare individualmente lavoro, famiglia e vita privata.</p>
<p>Nelle imprese di costruzione il lavoro a tempo parziale e altre possibilità costituiscono ancora delle eccezioni. Lo dimostra un <a href="https://infra-suisse.ch/it/studien/fabbisogno-di-personale-qualificato-e-attrattivita-dei-datori-di-lavoro/" target="_blank" rel="noopener noreferrer">sondaggio</a> realizzato tra i membri di Infra Suisse. Cosa possono fare le imprese di costruzione per distinguersi efficacemente dalla concorrenza? Abbiamo trovato delle imprese innovative che intendono scoprirlo insieme. Una guida pratica per i membri dell’associazione ricapitolerà gli insegnamenti di questo progetto.</p>
<p>Infra Suisse ha lanciato un progetto con delle imprese di costruzione per condividere le loro esperienze e le loro sfide. Ogni impresa partecipante viene analizzata e consigliata individualmente da parte del <a href="https://www.fachstelle-und.ch/fr/" target="_blank" rel="noopener noreferrer">Bureau UND</a> sulle possibilità di conciliazione tra lavoro e vita privata. Una guida pratica per tutti i membri dell’associazione ricapitolerà gli insegnamenti di questo progetto. Questo progetto è iniziato con la manifestazione di lancio del 10 novembre 2020 e si estenderà su un arco di tempo di un anno e mezzo.</p>
<p>Il gruppo del progetto è completo. La partecipazione al progetto non è più possibile.</p>

<p>I datori di lavoro molto interessanti sono in posizione migliore per reperire e trattenere una manodopera qualificata. Un sempre più crescente numero di persone vogliono poter conciliare individualmente lavoro, famiglia e vita privata. Nelle imprese di costruzione il lavoro a tempo parziale e altre possibilità costituiscono ancora delle eccezioni. Lo dimostra un sondaggio realizzato tra&#8230;</p>
