{"id":16531,"date":"2016-01-13T10:48:48","date_gmt":"2016-01-13T09:48:48","guid":{"rendered":"https:\/\/infra-suisse.ch\/?page_id=16531\/"},"modified":"2019-06-14T20:27:43","modified_gmt":"2019-06-14T18:27:43","slug":"conferenze-specialistiche-eventi-infra-e-corsi","status":"publish","type":"page","link":"https:\/\/infra-suisse.ch\/it\/formazione\/conferenze-specialistiche-eventi-infra-e-corsi\/","title":{"rendered":"Conferenze, eventi e corsi"},"content":{"rendered":"<p>Tecnica, leggi, norme e responsabilit\u00e0 sono soggette a costanti cambiamenti. Infra Suisse offre perci\u00f2 ai suoi membri manifestazioni informative e possibilit\u00e0 di formazione continua riguardanti temi attuali.<\/p>\n<ul>\n<li>Una o due volte all\u2019anno hanno luogo delle <strong>Conferenze<\/strong> <a href=\"https:\/\/infra-suisse.ch\/it\/infrastruttura\/genio-civile\/\">Genio civile speciale<\/a> e <a href=\"https:\/\/infra-suisse.ch\/it\/infrastruttura\/lavori-sotterranei\/\">Lavori in sotterraneo<\/a>.<\/li>\n<li>Gli <strong>Eventi Infra<\/strong> trattano punti chiave di specifici temi e settori. Sono rivolti a specialisti e a quadri dirigenti e, contrariamente alle Conferenze specialistiche, sono aperti anche a committenti, uffici di progettazione e aziende fornitrici.<\/li>\n<li>Oggi il quadro responsabile del cantiere deve conoscere perfettamente leggi e norme. Per questo, ogni due anni Infra Suisse organizza, insieme all\u2019<a href=\"https:\/\/www3.unifr.ch\/ius\/baurecht\/fr\/\" target=\"_blank\" rel=\"noopener\">Universit\u00e0 di Friburgo<\/a>, un <strong>Corso sul diritto delle costruzioni<\/strong> in francese e tedesco.<\/li>\n<\/ul>\n<p>I temi e le date delle manifestazioni vengono resi noti in largo anticipo e pubblicati sul <a href=\"http:\/\/infra-suisse.ch\/it\/manifestazioni\" rel=\"noopener\">sito web<\/a>.<\/p>\n","protected":false},"excerpt":{"rendered":"<p>Tecnica, leggi, norme e responsabilit\u00e0 sono soggette a costanti cambiamenti. Infra Suisse offre perci\u00f2 ai suoi membri manifestazioni informative e possibilit\u00e0 di formazione continua riguardanti temi attuali. Una o due volte all\u2019anno hanno luogo delle Conferenze Genio civile speciale e Lavori in sotterraneo. Gli Eventi Infra trattano punti chiave di specifici temi e settori. Sono&#8230;<\/p>\n","protected":false},"author":66,"featured_media":16529,"parent":1652,"menu_order":5,"comment_status":"closed","ping_status":"closed","template":"","meta":{"_acf_changed":false,"footnotes":""},"class_list":["post-16531","page","type-page","status-publish","has-post-thumbnail","hentry"],"acf":[],"_links":{"self":[{"href":"https:\/\/infra-suisse.ch\/it\/wp-json\/wp\/v2\/pages\/16531","targetHints":{"allow":["GET"]}}],"collection":[{"href":"https:\/\/infra-suisse.ch\/it\/wp-json\/wp\/v2\/pages"}],"about":[{"href":"https:\/\/infra-suisse.ch\/it\/wp-json\/wp\/v2\/types\/page"}],"author":[{"embeddable":true,"href":"https:\/\/infra-suisse.ch\/it\/wp-json\/wp\/v2\/users\/66"}],"replies":[{"embeddable":true,"href":"https:\/\/infra-suisse.ch\/it\/wp-json\/wp\/v2\/comments?post=16531"}],"version-history":[{"count":1,"href":"https:\/\/infra-suisse.ch\/it\/wp-json\/wp\/v2\/pages\/16531\/revisions"}],"predecessor-version":[{"id":16550,"href":"https:\/\/infra-suisse.ch\/it\/wp-json\/wp\/v2\/pages\/16531\/revisions\/16550"}],"up":[{"embeddable":true,"href":"https:\/\/infra-suisse.ch\/it\/wp-json\/wp\/v2\/pages\/1652"}],"wp:featuredmedia":[{"embeddable":true,"href":"https:\/\/infra-suisse.ch\/it\/wp-json\/wp\/v2\/media\/16529"}],"wp:attachment":[{"href":"https:\/\/infra-suisse.ch\/it\/wp-json\/wp\/v2\/media?parent=16531"}],"curies":[{"name":"wp","href":"https:\/\/api.w.org\/{rel}","templated":true}]}}

<p>Tecnica, leggi, norme e responsabilità sono soggette a costanti cambiamenti. Infra Suisse offre perciò ai suoi membri manifestazioni informative e possibilità di formazione continua riguardanti temi attuali.</p>
<ul>
<li>Una o due volte all’anno hanno luogo delle <strong>Conferenze</strong> <a href="https://infra-suisse.ch/it/infrastruttura/genio-civile/">Genio civile speciale</a> e <a href="https://infra-suisse.ch/it/infrastruttura/lavori-sotterranei/">Lavori in sotterraneo</a>.</li>
<li>Gli <strong>Eventi Infra</strong> trattano punti chiave di specifici temi e settori. Sono rivolti a specialisti e a quadri dirigenti e, contrariamente alle Conferenze specialistiche, sono aperti anche a committenti, uffici di progettazione e aziende fornitrici.</li>
<li>Oggi il quadro responsabile del cantiere deve conoscere perfettamente leggi e norme. Per questo, ogni due anni Infra Suisse organizza, insieme all’<a href="https://www3.unifr.ch/ius/baurecht/fr/" target="_blank" rel="noopener">Università di Friburgo</a>, un <strong>Corso sul diritto delle costruzioni</strong> in francese e tedesco.</li>
</ul>
<p>I temi e le date delle manifestazioni vengono resi noti in largo anticipo e pubblicati sul <a href="http://infra-suisse.ch/it/manifestazioni" rel="noopener">sito web</a>.</p>

<p>Tecnica, leggi, norme e responsabilità sono soggette a costanti cambiamenti. Infra Suisse offre perciò ai suoi membri manifestazioni informative e possibilità di formazione continua riguardanti temi attuali. Una o due volte all’anno hanno luogo delle Conferenze Genio civile speciale e Lavori in sotterraneo. Gli Eventi Infra trattano punti chiave di specifici temi e settori. Sono&#8230;</p>
