{"id":13203,"date":"2018-10-10T10:19:50","date_gmt":"2018-10-10T08:19:50","guid":{"rendered":"https:\/\/infra-suisse.ch\/?page_id=13203\/"},"modified":"2019-03-19T17:01:37","modified_gmt":"2019-03-19T16:01:37","slug":"verifica-quinquennale-2018","status":"publish","type":"page","link":"https:\/\/infra-suisse.ch\/it\/formazione\/formazione-di-base\/verifica-quinquennale-2018\/","title":{"rendered":"Verifica quinquennale"},"content":{"rendered":"<p><strong>Secondo un sondaggio realizzato da Infra Suisse, il 94% delle aziende formatrici ritiene che la formazione di base per i costruttori di vie di traffico rispecchi i bisogni del mercato. Questo \u00e8 positivo ed \u00e8 anche uno dei motivi per cui negli ultimi anni il numero di apprendisti in questo settore \u00e8 rimasto stabile.<\/strong><\/p>\n<p>Nell\u2019ambito della verifica delle basi giuridiche su cui poggia la formazione professionale di base, da ottobre a dicembre 2018 Infra Suisse ha condotto un sondaggio tra i responsabili della formazione delle aziende formatrici, dei corsi interaziendali e delle scuole professionali che, insieme, formano i costruttori di strade, di binari, di sottofondi e pavimenti industriali come pure i sondatori e i selciatori. Le basi giuridiche vengono verificate ogni cinque anni e se necessario adeguate agli sviluppi economici, tecnologici e didattici. Anche i Cantoni e la Confederazione si sono espressi in merito alla situazione della formazione in questo settore professionale.<\/p>\n<p>Una formazione solida, improntata alla pratica e orientata al futuro \u00e8 importante sia per gli apprendisti che per l\u2019intero settore. Questo sembra essere per lo pi\u00f9 il caso nel settore della costruzione di vie di traffico, dove la formazione di base viene giudicata globalmente da buona a ottima. L\u2019orientamento pragmatico \u00e8 considerato importante. Il sondaggio rileva che l\u2019insegnamento orientato alle competenze crea i presupposti necessari. L\u2019attuazione va invece ancora migliorata. La Scuola professionale di Sursee sta lavorando intensamente per migliorare \u2013 ma soprattutto semplificare \u2013 i supporti didattici e la documentazione. Tutti concordano che in futuro <a href=\"https:\/\/infra-suisse.ch\/it\/mercato\/digitalizzazione\/\" target=\"_blank\" rel=\"noopener\">le competenze digitali<\/a> diventeranno ancora pi\u00f9 importanti. La formazione di base deve tenere conto di quest\u2019evoluzione e trasmettere alle persone in formazione le competenze necessarie per utilizzare le nuove possibilit\u00e0 sui cantieri. Non \u00e8 tuttavia necessario adeguare le basi giuridiche.<\/p>\n<p><strong>Formazione nelle aziende formatrici<\/strong><\/p>\n<p>Nel sistema svizzero di formazione duale le imprese formatrici svolgono un ruolo centrale, perch\u00e9 \u00e8 proprio l\u00ec che gli apprendisti seguono la maggior parte del loro percorso. Le imprese dichiarano di essere in grado di svolgere il loro mandato conformemente al piano di formazione. Tuttavia, a seconda della struttura dell\u2019azienda e della situazione del mercato, pu\u00f2 risultare difficile trasmettere agli apprendisti le competenze richieste. Rafforzare la formazione nei corsi interaziendali non risolve il problema. Il luogo di formazione pi\u00f9 importante rimane l\u2019azienda formatrice. Le aziende e i Cantoni non sono disposti a sostenere i costi di corsi interaziendali supplementari.<\/p>\n<p><strong>Formazione di base sul banco di prova<\/strong><\/p>\n<p>La base giuridica su cui poggia la formazione professionale di base nel settore della costruzione di vie di traffico \u00e8 costituita da <a href=\"https:\/\/infra-suisse.ch\/it\/documenti\/documenti-formazione\/\" target=\"_blank\" rel=\"noopener\">due ordinanze<\/a> e dai piani di formazione \u2013 rispettivamente per la formazione AFC e CFP. Questi documenti descrivono le competenze che gli apprendisti devono aver acquisito alla fine dell\u2019apprendistato. Su questa base viene fornita la formazione nell\u2019azienda formatrice, nei corsi interaziendali e nella scuola professionale. <a href=\"https:\/\/www.sbfi.admin.ch\/sbfi\/it\/home\/formazione\/formazione-professionale-di-base\/sviluppo-delle-formazioni-professionali-di-base\/fasi-del-processo\/analisi-verifica\/3-1-2-5-jahres-ueberpruefung.html\" target=\"_blank\" rel=\"noopener\">Nell\u2019ambito della revisione quinquennale<\/a>, le organizzazioni di categoria Infra Suisse, UTP e l\u2019Associazione svizzera dei maestri selciatori hanno analizzato la misura in cui queste basi corrispondono alle esigenze attuali dell\u2019economia e vengono attuate.<\/p>\n","protected":false},"excerpt":{"rendered":"<p>Secondo un sondaggio realizzato da Infra Suisse, il 94% delle aziende formatrici ritiene che la formazione di base per i costruttori di vie di traffico rispecchi i bisogni del mercato. Questo \u00e8 positivo ed \u00e8 anche uno dei motivi per cui negli ultimi anni il numero di apprendisti in questo settore \u00e8 rimasto stabile. Nell\u2019ambito&#8230;<\/p>\n","protected":false},"author":66,"featured_media":7090,"parent":1659,"menu_order":0,"comment_status":"closed","ping_status":"closed","template":"","meta":{"_acf_changed":false,"footnotes":""},"class_list":["post-13203","page","type-page","status-publish","has-post-thumbnail","hentry"],"acf":[],"_links":{"self":[{"href":"https:\/\/infra-suisse.ch\/it\/wp-json\/wp\/v2\/pages\/13203","targetHints":{"allow":["GET"]}}],"collection":[{"href":"https:\/\/infra-suisse.ch\/it\/wp-json\/wp\/v2\/pages"}],"about":[{"href":"https:\/\/infra-suisse.ch\/it\/wp-json\/wp\/v2\/types\/page"}],"author":[{"embeddable":true,"href":"https:\/\/infra-suisse.ch\/it\/wp-json\/wp\/v2\/users\/66"}],"replies":[{"embeddable":true,"href":"https:\/\/infra-suisse.ch\/it\/wp-json\/wp\/v2\/comments?post=13203"}],"version-history":[{"count":2,"href":"https:\/\/infra-suisse.ch\/it\/wp-json\/wp\/v2\/pages\/13203\/revisions"}],"predecessor-version":[{"id":15889,"href":"https:\/\/infra-suisse.ch\/it\/wp-json\/wp\/v2\/pages\/13203\/revisions\/15889"}],"up":[{"embeddable":true,"href":"https:\/\/infra-suisse.ch\/it\/wp-json\/wp\/v2\/pages\/1659"}],"wp:featuredmedia":[{"embeddable":true,"href":"https:\/\/infra-suisse.ch\/it\/wp-json\/wp\/v2\/media\/7090"}],"wp:attachment":[{"href":"https:\/\/infra-suisse.ch\/it\/wp-json\/wp\/v2\/media?parent=13203"}],"curies":[{"name":"wp","href":"https:\/\/api.w.org\/{rel}","templated":true}]}}

<p><strong>Secondo un sondaggio realizzato da Infra Suisse, il 94% delle aziende formatrici ritiene che la formazione di base per i costruttori di vie di traffico rispecchi i bisogni del mercato. Questo è positivo ed è anche uno dei motivi per cui negli ultimi anni il numero di apprendisti in questo settore è rimasto stabile.</strong></p>
<p>Nell’ambito della verifica delle basi giuridiche su cui poggia la formazione professionale di base, da ottobre a dicembre 2018 Infra Suisse ha condotto un sondaggio tra i responsabili della formazione delle aziende formatrici, dei corsi interaziendali e delle scuole professionali che, insieme, formano i costruttori di strade, di binari, di sottofondi e pavimenti industriali come pure i sondatori e i selciatori. Le basi giuridiche vengono verificate ogni cinque anni e se necessario adeguate agli sviluppi economici, tecnologici e didattici. Anche i Cantoni e la Confederazione si sono espressi in merito alla situazione della formazione in questo settore professionale.</p>
<p>Una formazione solida, improntata alla pratica e orientata al futuro è importante sia per gli apprendisti che per l’intero settore. Questo sembra essere per lo più il caso nel settore della costruzione di vie di traffico, dove la formazione di base viene giudicata globalmente da buona a ottima. L’orientamento pragmatico è considerato importante. Il sondaggio rileva che l’insegnamento orientato alle competenze crea i presupposti necessari. L’attuazione va invece ancora migliorata. La Scuola professionale di Sursee sta lavorando intensamente per migliorare – ma soprattutto semplificare – i supporti didattici e la documentazione. Tutti concordano che in futuro <a href="https://infra-suisse.ch/it/mercato/digitalizzazione/" target="_blank" rel="noopener">le competenze digitali</a> diventeranno ancora più importanti. La formazione di base deve tenere conto di quest’evoluzione e trasmettere alle persone in formazione le competenze necessarie per utilizzare le nuove possibilità sui cantieri. Non è tuttavia necessario adeguare le basi giuridiche.</p>
<p><strong>Formazione nelle aziende formatrici</strong></p>
<p>Nel sistema svizzero di formazione duale le imprese formatrici svolgono un ruolo centrale, perché è proprio lì che gli apprendisti seguono la maggior parte del loro percorso. Le imprese dichiarano di essere in grado di svolgere il loro mandato conformemente al piano di formazione. Tuttavia, a seconda della struttura dell’azienda e della situazione del mercato, può risultare difficile trasmettere agli apprendisti le competenze richieste. Rafforzare la formazione nei corsi interaziendali non risolve il problema. Il luogo di formazione più importante rimane l’azienda formatrice. Le aziende e i Cantoni non sono disposti a sostenere i costi di corsi interaziendali supplementari.</p>
<p><strong>Formazione di base sul banco di prova</strong></p>
<p>La base giuridica su cui poggia la formazione professionale di base nel settore della costruzione di vie di traffico è costituita da <a href="https://infra-suisse.ch/it/documenti/documenti-formazione/" target="_blank" rel="noopener">due ordinanze</a> e dai piani di formazione – rispettivamente per la formazione AFC e CFP. Questi documenti descrivono le competenze che gli apprendisti devono aver acquisito alla fine dell’apprendistato. Su questa base viene fornita la formazione nell’azienda formatrice, nei corsi interaziendali e nella scuola professionale. <a href="https://www.sbfi.admin.ch/sbfi/it/home/formazione/formazione-professionale-di-base/sviluppo-delle-formazioni-professionali-di-base/fasi-del-processo/analisi-verifica/3-1-2-5-jahres-ueberpruefung.html" target="_blank" rel="noopener">Nell’ambito della revisione quinquennale</a>, le organizzazioni di categoria Infra Suisse, UTP e l’Associazione svizzera dei maestri selciatori hanno analizzato la misura in cui queste basi corrispondono alle esigenze attuali dell’economia e vengono attuate.</p>

<p>Secondo un sondaggio realizzato da Infra Suisse, il 94% delle aziende formatrici ritiene che la formazione di base per i costruttori di vie di traffico rispecchi i bisogni del mercato. Questo è positivo ed è anche uno dei motivi per cui negli ultimi anni il numero di apprendisti in questo settore è rimasto stabile. Nell’ambito&#8230;</p>
