{"id":1124,"date":"2016-01-10T23:14:33","date_gmt":"2016-01-10T22:14:33","guid":{"rendered":"http:\/\/infra-suisse.ch\/fr\/?page_id=1124"},"modified":"2025-09-08T07:38:16","modified_gmt":"2025-09-08T05:38:16","slug":"formation-initiale","status":"publish","type":"page","link":"https:\/\/infra-suisse.ch\/fr\/formation\/formation-initiale\/","title":{"rendered":"Formation initiale"},"content":{"rendered":"<p>Un apprentissage de constructeur de routes, de fondations, de voies, de paveur ou de constructeur de sols industriels et de chapes dure trois ans. Les apprenants couronnent leur formation par un certificat f\u00e9d\u00e9ral de capacit\u00e9 (CFC).<\/p>\n<p>En plus, il est possible de suivre une formation initiale abr\u00e9g\u00e9e de deux ans. Elle est couronn\u00e9e par une attestation f\u00e9d\u00e9rale de formation professionnelle (AFP). Il est ensuite possible de passer de la deuxi\u00e8me ann\u00e9e scolaire \u00e0 la formation initiale de 3 ans.<\/p>\n","protected":false},"excerpt":{"rendered":"<p>Un apprentissage de constructeur de routes, de fondations, de voies, de paveur ou de constructeur de sols industriels et de chapes dure trois ans. Les apprenants couronnent leur formation par un certificat f\u00e9d\u00e9ral de capacit\u00e9 (CFC). En plus, il est possible de suivre une formation initiale abr\u00e9g\u00e9e de deux ans. Elle est couronn\u00e9e par une&#8230;<\/p>\n","protected":false},"author":66,"featured_media":3554,"parent":1122,"menu_order":1,"comment_status":"closed","ping_status":"closed","template":"","meta":{"_acf_changed":false,"footnotes":""},"class_list":["post-1124","page","type-page","status-publish","has-post-thumbnail","hentry"],"acf":[],"_links":{"self":[{"href":"https:\/\/infra-suisse.ch\/fr\/wp-json\/wp\/v2\/pages\/1124","targetHints":{"allow":["GET"]}}],"collection":[{"href":"https:\/\/infra-suisse.ch\/fr\/wp-json\/wp\/v2\/pages"}],"about":[{"href":"https:\/\/infra-suisse.ch\/fr\/wp-json\/wp\/v2\/types\/page"}],"author":[{"embeddable":true,"href":"https:\/\/infra-suisse.ch\/fr\/wp-json\/wp\/v2\/users\/66"}],"replies":[{"embeddable":true,"href":"https:\/\/infra-suisse.ch\/fr\/wp-json\/wp\/v2\/comments?post=1124"}],"version-history":[{"count":3,"href":"https:\/\/infra-suisse.ch\/fr\/wp-json\/wp\/v2\/pages\/1124\/revisions"}],"predecessor-version":[{"id":21275,"href":"https:\/\/infra-suisse.ch\/fr\/wp-json\/wp\/v2\/pages\/1124\/revisions\/21275"}],"up":[{"embeddable":true,"href":"https:\/\/infra-suisse.ch\/fr\/wp-json\/wp\/v2\/pages\/1122"}],"wp:featuredmedia":[{"embeddable":true,"href":"https:\/\/infra-suisse.ch\/fr\/wp-json\/wp\/v2\/media\/3554"}],"wp:attachment":[{"href":"https:\/\/infra-suisse.ch\/fr\/wp-json\/wp\/v2\/media?parent=1124"}],"curies":[{"name":"wp","href":"https:\/\/api.w.org\/{rel}","templated":true}]}}

<p>Un apprentissage de constructeur de routes, de fondations, de voies, de paveur ou de constructeur de sols industriels et de chapes dure trois ans. Les apprenants couronnent leur formation par un certificat fédéral de capacité (CFC).</p>
<p>En plus, il est possible de suivre une formation initiale abrégée de deux ans. Elle est couronnée par une attestation fédérale de formation professionnelle (AFP). Il est ensuite possible de passer de la deuxième année scolaire à la formation initiale de 3 ans.</p>

<p>Un apprentissage de constructeur de routes, de fondations, de voies, de paveur ou de constructeur de sols industriels et de chapes dure trois ans. Les apprenants couronnent leur formation par un certificat fédéral de capacité (CFC). En plus, il est possible de suivre une formation initiale abrégée de deux ans. Elle est couronnée par une&#8230;</p>
