{"id":1122,"date":"2016-01-10T23:13:41","date_gmt":"2016-01-10T22:13:41","guid":{"rendered":"http:\/\/infra-suisse.ch\/fr\/?page_id=1122"},"modified":"2020-12-22T11:35:26","modified_gmt":"2020-12-22T10:35:26","slug":"formation","status":"publish","type":"page","link":"https:\/\/infra-suisse.ch\/fr\/formation\/","title":{"rendered":"Formation"},"content":{"rendered":"<p>La formation est une mati\u00e8re premi\u00e8re essentielle \u00e9galement dans le secteur de la construction. Une bonne formation professionnelle favorise le d\u00e9veloppement personnel et se porte garante d&rsquo;ouvrages de haute qualit\u00e9.<\/p>\n<p>Infra Suisse est l&rsquo;instance responsable de l&rsquo;\u00c9cole professionnelle de constructeurs de voies de communication \u00e0 Sursee et procure les aptitudes th\u00e9oriques et pratiques avec le concours d&rsquo;autres organisations.<\/p>\n<p>L&rsquo;apprentissage de constructeur de routes, de fondations, de voies ferr\u00e9es, de paveur ou de constructeur de sols industriels et de chapes est une base id\u00e9ale de carri\u00e8re professionnelle. Diff\u00e9rentes institutions de formations proposent une gamme \u00e9tendue de cours de formation continue.<\/p>\n","protected":false},"excerpt":{"rendered":"<p>La formation est une mati\u00e8re premi\u00e8re essentielle \u00e9galement dans le secteur de la construction. Une bonne formation professionnelle favorise le d\u00e9veloppement personnel et se porte garante d&rsquo;ouvrages de haute qualit\u00e9. Infra Suisse est l&rsquo;instance responsable de l&rsquo;\u00c9cole professionnelle de constructeurs de voies de communication \u00e0 Sursee et procure les aptitudes th\u00e9oriques et pratiques avec le&#8230;<\/p>\n","protected":false},"author":66,"featured_media":3606,"parent":0,"menu_order":6,"comment_status":"closed","ping_status":"closed","template":"","meta":{"_acf_changed":false,"footnotes":""},"class_list":["post-1122","page","type-page","status-publish","has-post-thumbnail","hentry"],"acf":[],"_links":{"self":[{"href":"https:\/\/infra-suisse.ch\/fr\/wp-json\/wp\/v2\/pages\/1122","targetHints":{"allow":["GET"]}}],"collection":[{"href":"https:\/\/infra-suisse.ch\/fr\/wp-json\/wp\/v2\/pages"}],"about":[{"href":"https:\/\/infra-suisse.ch\/fr\/wp-json\/wp\/v2\/types\/page"}],"author":[{"embeddable":true,"href":"https:\/\/infra-suisse.ch\/fr\/wp-json\/wp\/v2\/users\/66"}],"replies":[{"embeddable":true,"href":"https:\/\/infra-suisse.ch\/fr\/wp-json\/wp\/v2\/comments?post=1122"}],"version-history":[{"count":1,"href":"https:\/\/infra-suisse.ch\/fr\/wp-json\/wp\/v2\/pages\/1122\/revisions"}],"predecessor-version":[{"id":1123,"href":"https:\/\/infra-suisse.ch\/fr\/wp-json\/wp\/v2\/pages\/1122\/revisions\/1123"}],"wp:featuredmedia":[{"embeddable":true,"href":"https:\/\/infra-suisse.ch\/fr\/wp-json\/wp\/v2\/media\/3606"}],"wp:attachment":[{"href":"https:\/\/infra-suisse.ch\/fr\/wp-json\/wp\/v2\/media?parent=1122"}],"curies":[{"name":"wp","href":"https:\/\/api.w.org\/{rel}","templated":true}]}}

<p>La formation est une matière première essentielle également dans le secteur de la construction. Une bonne formation professionnelle favorise le développement personnel et se porte garante d&rsquo;ouvrages de haute qualité.</p>
<p>Infra Suisse est l&rsquo;instance responsable de l&rsquo;École professionnelle de constructeurs de voies de communication à Sursee et procure les aptitudes théoriques et pratiques avec le concours d&rsquo;autres organisations.</p>
<p>L&rsquo;apprentissage de constructeur de routes, de fondations, de voies ferrées, de paveur ou de constructeur de sols industriels et de chapes est une base idéale de carrière professionnelle. Différentes institutions de formations proposent une gamme étendue de cours de formation continue.</p>

<p>La formation est une matière première essentielle également dans le secteur de la construction. Une bonne formation professionnelle favorise le développement personnel et se porte garante d&rsquo;ouvrages de haute qualité. Infra Suisse est l&rsquo;instance responsable de l&rsquo;École professionnelle de constructeurs de voies de communication à Sursee et procure les aptitudes théoriques et pratiques avec le&#8230;</p>
